{"id":279,"date":"2023-05-18T21:18:26","date_gmt":"2023-05-18T19:18:26","guid":{"rendered":"https:\/\/www.orgueachablis.fr\/?page_id=279"},"modified":"2024-07-11T23:52:14","modified_gmt":"2024-07-11T21:52:14","slug":"edition-2023","status":"publish","type":"page","link":"https:\/\/always.orgueachablis.fr\/?page_id=279","title":{"rendered":"\u00c9dition 2023"},"content":{"rendered":"\t\t<div data-elementor-type=\"wp-page\" data-elementor-id=\"279\" class=\"elementor elementor-279\" data-elementor-settings=\"[]\">\n\t\t\t\t\t\t<div class=\"elementor-inner\">\n\t\t\t\t\t\t\t<div class=\"elementor-section-wrap\">\n\t\t\t\t\t\t\t<section class=\"elementor-section elementor-top-section elementor-element elementor-element-e160ada elementor-section-boxed elementor-section-height-default elementor-section-height-default\" data-id=\"e160ada\" data-element_type=\"section\">\n\t\t\t\t\t\t<div class=\"elementor-container elementor-column-gap-default\">\n\t\t\t\t\t\t\t<div class=\"elementor-row\">\n\t\t\t\t\t<div class=\"elementor-column elementor-col-100 elementor-top-column elementor-element elementor-element-7481204\" data-id=\"7481204\" data-element_type=\"column\">\n\t\t\t<div class=\"elementor-column-wrap elementor-element-populated\">\n\t\t\t\t\t\t\t<div class=\"elementor-widget-wrap\">\n\t\t\t\t\t\t<div class=\"elementor-element elementor-element-907d9b5 elementor-widget elementor-widget-text-editor\" data-id=\"907d9b5\" data-element_type=\"widget\" data-widget_type=\"text-editor.default\">\n\t\t\t\t<div class=\"elementor-widget-container\">\n\t\t\t\t\t<div class=\"elementor-text-editor elementor-clearfix\"><p>Le festival Orgue \u00e0 Chablis a pour ambition la mise en valeur du patrimoine de la Coll\u00e9giale Saint-Martin de Chablis et alentours tout en proposant une programmation musicale originale et innovante, dans les canons du concert de musique \u00ab classique \u00bb.<\/p><p>Destin\u00e9 \u00e0 tous les publics, le festival vous fera d\u00e9couvrir cet instrument fabuleux qu&rsquo;est l&rsquo;orgue et d\u00e9cloisonnera l\u2019acc\u00e8s \u00e0 son r\u00e9pertoire, \u00e0 travers plusieurs concerts, pr\u00e9sentations de l\u2019orgue de la Coll\u00e9giale.<\/p><p>Cette deuxi\u00e8me \u00e9dition aura pour th\u00e8me <em>\u00e0 4 mains<\/em>, s&rsquo;articulant autour de la trompette et de l&rsquo;orgue \u00e0 quatre mains. Le concert pour trompette et orgue sera jou\u00e9 en deux endroits (Seignelay et Chablis) afin de faire entendre diff\u00e9rentes sonorit\u00e9s sur des pi\u00e8ces similaires tout en adaptant le r\u00e9pertoire \u00e0 deux orgues aux caract\u00e9ristiques bien distinctes. <\/p><\/div>\n\t\t\t\t<\/div>\n\t\t\t\t<\/div>\n\t\t\t\t<div class=\"elementor-element elementor-element-7232ce0 elementor-widget elementor-widget-text-editor\" data-id=\"7232ce0\" data-element_type=\"widget\" data-widget_type=\"text-editor.default\">\n\t\t\t\t<div class=\"elementor-widget-container\">\n\t\t\t\t\t<div class=\"elementor-text-editor elementor-clearfix\"><p><strong>Soyez les bienvenus \u00e0 Seignelay et \u00e0 Chablis les 21, 22 et 23 juillet prochains !<br \/><\/strong><\/p><\/div>\n\t\t\t\t<\/div>\n\t\t\t\t<\/div>\n\t\t\t\t\t\t<\/div>\n\t\t\t\t\t<\/div>\n\t\t<\/div>\n\t\t\t\t\t\t\t\t<\/div>\n\t\t\t\t\t<\/div>\n\t\t<\/section>\n\t\t\t\t<section class=\"elementor-section elementor-top-section elementor-element elementor-element-816659f elementor-section-boxed elementor-section-height-default elementor-section-height-default\" data-id=\"816659f\" data-element_type=\"section\">\n\t\t\t\t\t\t<div class=\"elementor-container elementor-column-gap-default\">\n\t\t\t\t\t\t\t<div class=\"elementor-row\">\n\t\t\t\t\t<div class=\"elementor-column elementor-col-100 elementor-top-column elementor-element elementor-element-067eba6\" data-id=\"067eba6\" data-element_type=\"column\">\n\t\t\t<div class=\"elementor-column-wrap elementor-element-populated\">\n\t\t\t\t\t\t\t<div class=\"elementor-widget-wrap\">\n\t\t\t\t\t\t<div class=\"elementor-element elementor-element-9d5dc6e elementor-widget elementor-widget-heading\" data-id=\"9d5dc6e\" data-element_type=\"widget\" data-widget_type=\"heading.default\">\n\t\t\t\t<div class=\"elementor-widget-container\">\n\t\t\t<h6 class=\"elementor-heading-title elementor-size-default\"><a href=\"https:\/\/www.orgueachablis.fr\/?page_id=282\">D\u00e9couvrir le Programme<\/a><\/h6>\t\t<\/div>\n\t\t\t\t<\/div>\n\t\t\t\t\t\t<\/div>\n\t\t\t\t\t<\/div>\n\t\t<\/div>\n\t\t\t\t\t\t\t\t<\/div>\n\t\t\t\t\t<\/div>\n\t\t<\/section>\n\t\t\t\t\t\t<\/div>\n\t\t\t\t\t\t<\/div>\n\t\t\t\t\t<\/div>\n\t\t","protected":false},"excerpt":{"rendered":"<p>Le festival Orgue \u00e0 Chablis a pour ambition la mise en valeur du patrimoine de la Coll\u00e9giale Saint-Martin de Chablis et alentours tout en proposant&#8230;<\/p>\n","protected":false},"author":1,"featured_media":0,"parent":0,"menu_order":0,"comment_status":"closed","ping_status":"closed","template":"","meta":[],"yoast_head":"<!-- This site is optimized with the Yoast SEO plugin v19.13 - https:\/\/yoast.com\/wordpress\/plugins\/seo\/ -->\n<title>\u00c9dition 2023 - Orgue \u00e0 Chablis<\/title>\n<meta name=\"description\" content=\"Cette deuxi\u00e8me \u00e9dition aura pour th\u00e8me \u00e0 4 mains, s\u2019articulant autour de la trompette et de l\u2019orgue \u00e0 quatre mains. Le concert pour trompette et orgue sera jou\u00e9 en deux endroits (Seignelay et Chablis) afin de faire entendre diff\u00e9rentes sonorit\u00e9s sur des pi\u00e8ces similaires tout en adaptant le r\u00e9pertoire \u00e0 deux orgues aux caract\u00e9ristiques bien distinctes.\" \/>\n<meta name=\"robots\" content=\"index, follow, max-snippet:-1, max-image-preview:large, max-video-preview:-1\" \/>\n<link rel=\"canonical\" href=\"https:\/\/always.orgueachablis.fr\/?page_id=279\" \/>\n<meta property=\"og:locale\" content=\"fr_FR\" \/>\n<meta property=\"og:type\" content=\"article\" \/>\n<meta property=\"og:title\" content=\"\u00c9dition 2023 - Orgue \u00e0 Chablis\" \/>\n<meta property=\"og:description\" content=\"Cette deuxi\u00e8me \u00e9dition aura pour th\u00e8me \u00e0 4 mains, s\u2019articulant autour de la trompette et de l\u2019orgue \u00e0 quatre mains. Le concert pour trompette et orgue sera jou\u00e9 en deux endroits (Seignelay et Chablis) afin de faire entendre diff\u00e9rentes sonorit\u00e9s sur des pi\u00e8ces similaires tout en adaptant le r\u00e9pertoire \u00e0 deux orgues aux caract\u00e9ristiques bien distinctes.\" \/>\n<meta property=\"og:url\" content=\"https:\/\/always.orgueachablis.fr\/?page_id=279\" \/>\n<meta property=\"og:site_name\" content=\"Orgue \u00e0 Chablis\" \/>\n<meta property=\"article:publisher\" content=\"https:\/\/www.facebook.com\/orgueachablis\" \/>\n<meta property=\"article:modified_time\" content=\"2024-07-11T21:52:14+00:00\" \/>\n<meta name=\"twitter:card\" content=\"summary_large_image\" \/>\n<meta name=\"twitter:label1\" content=\"Dur\u00e9e de lecture estim\u00e9e\" \/>\n\t<meta name=\"twitter:data1\" content=\"1 minute\" \/>\n<script type=\"application\/ld+json\" class=\"yoast-schema-graph\">{\"@context\":\"https:\/\/schema.org\",\"@graph\":[{\"@type\":\"WebPage\",\"@id\":\"https:\/\/always.orgueachablis.fr\/?page_id=279\",\"url\":\"https:\/\/always.orgueachablis.fr\/?page_id=279\",\"name\":\"\u00c9dition 2023 - Orgue \u00e0 Chablis\",\"isPartOf\":{\"@id\":\"https:\/\/always.orgueachablis.fr\/#website\"},\"datePublished\":\"2023-05-18T19:18:26+00:00\",\"dateModified\":\"2024-07-11T21:52:14+00:00\",\"description\":\"Cette deuxi\u00e8me \u00e9dition aura pour th\u00e8me \u00e0 4 mains, s\u2019articulant autour de la trompette et de l\u2019orgue \u00e0 quatre mains. Le concert pour trompette et orgue sera jou\u00e9 en deux endroits (Seignelay et Chablis) afin de faire entendre diff\u00e9rentes sonorit\u00e9s sur des pi\u00e8ces similaires tout en adaptant le r\u00e9pertoire \u00e0 deux orgues aux caract\u00e9ristiques bien distinctes.\",\"breadcrumb\":{\"@id\":\"https:\/\/always.orgueachablis.fr\/?page_id=279#breadcrumb\"},\"inLanguage\":\"fr-FR\",\"potentialAction\":[{\"@type\":\"ReadAction\",\"target\":[\"https:\/\/always.orgueachablis.fr\/?page_id=279\"]}]},{\"@type\":\"BreadcrumbList\",\"@id\":\"https:\/\/always.orgueachablis.fr\/?page_id=279#breadcrumb\",\"itemListElement\":[{\"@type\":\"ListItem\",\"position\":1,\"name\":\"Accueil\",\"item\":\"https:\/\/always.orgueachablis.fr\/\"},{\"@type\":\"ListItem\",\"position\":2,\"name\":\"\u00c9dition 2023\"}]},{\"@type\":\"WebSite\",\"@id\":\"https:\/\/always.orgueachablis.fr\/#website\",\"url\":\"https:\/\/always.orgueachablis.fr\/\",\"name\":\"Orgue \u00e0 Chablis\",\"description\":\"Un Festival In\u00e9dit\",\"publisher\":{\"@id\":\"https:\/\/always.orgueachablis.fr\/#organization\"},\"potentialAction\":[{\"@type\":\"SearchAction\",\"target\":{\"@type\":\"EntryPoint\",\"urlTemplate\":\"https:\/\/always.orgueachablis.fr\/?s={search_term_string}\"},\"query-input\":\"required name=search_term_string\"}],\"inLanguage\":\"fr-FR\"},{\"@type\":\"Organization\",\"@id\":\"https:\/\/always.orgueachablis.fr\/#organization\",\"name\":\"Orgue \u00e0 Chablis\",\"url\":\"https:\/\/always.orgueachablis.fr\/\",\"logo\":{\"@type\":\"ImageObject\",\"inLanguage\":\"fr-FR\",\"@id\":\"https:\/\/always.orgueachablis.fr\/#\/schema\/logo\/image\/\",\"url\":\"https:\/\/www.orgueachablis.fr\/wp-content\/uploads\/2022\/05\/cropped-WhatsApp-Image-2022-05-09-at-00.27.37-1.jpeg\",\"contentUrl\":\"https:\/\/www.orgueachablis.fr\/wp-content\/uploads\/2022\/05\/cropped-WhatsApp-Image-2022-05-09-at-00.27.37-1.jpeg\",\"width\":1700,\"height\":750,\"caption\":\"Orgue \u00e0 Chablis\"},\"image\":{\"@id\":\"https:\/\/always.orgueachablis.fr\/#\/schema\/logo\/image\/\"},\"sameAs\":[\"https:\/\/www.facebook.com\/orgueachablis\"]}]}<\/script>\n<!-- \/ Yoast SEO plugin. -->","yoast_head_json":{"title":"\u00c9dition 2023 - Orgue \u00e0 Chablis","description":"Cette deuxi\u00e8me \u00e9dition aura pour th\u00e8me \u00e0 4 mains, s\u2019articulant autour de la trompette et de l\u2019orgue \u00e0 quatre mains. Le concert pour trompette et orgue sera jou\u00e9 en deux endroits (Seignelay et Chablis) afin de faire entendre diff\u00e9rentes sonorit\u00e9s sur des pi\u00e8ces similaires tout en adaptant le r\u00e9pertoire \u00e0 deux orgues aux caract\u00e9ristiques bien distinctes.","robots":{"index":"index","follow":"follow","max-snippet":"max-snippet:-1","max-image-preview":"max-image-preview:large","max-video-preview":"max-video-preview:-1"},"canonical":"https:\/\/always.orgueachablis.fr\/?page_id=279","og_locale":"fr_FR","og_type":"article","og_title":"\u00c9dition 2023 - Orgue \u00e0 Chablis","og_description":"Cette deuxi\u00e8me \u00e9dition aura pour th\u00e8me \u00e0 4 mains, s\u2019articulant autour de la trompette et de l\u2019orgue \u00e0 quatre mains. Le concert pour trompette et orgue sera jou\u00e9 en deux endroits (Seignelay et Chablis) afin de faire entendre diff\u00e9rentes sonorit\u00e9s sur des pi\u00e8ces similaires tout en adaptant le r\u00e9pertoire \u00e0 deux orgues aux caract\u00e9ristiques bien distinctes.","og_url":"https:\/\/always.orgueachablis.fr\/?page_id=279","og_site_name":"Orgue \u00e0 Chablis","article_publisher":"https:\/\/www.facebook.com\/orgueachablis","article_modified_time":"2024-07-11T21:52:14+00:00","twitter_card":"summary_large_image","twitter_misc":{"Dur\u00e9e de lecture estim\u00e9e":"1 minute"},"schema":{"@context":"https:\/\/schema.org","@graph":[{"@type":"WebPage","@id":"https:\/\/always.orgueachablis.fr\/?page_id=279","url":"https:\/\/always.orgueachablis.fr\/?page_id=279","name":"\u00c9dition 2023 - Orgue \u00e0 Chablis","isPartOf":{"@id":"https:\/\/always.orgueachablis.fr\/#website"},"datePublished":"2023-05-18T19:18:26+00:00","dateModified":"2024-07-11T21:52:14+00:00","description":"Cette deuxi\u00e8me \u00e9dition aura pour th\u00e8me \u00e0 4 mains, s\u2019articulant autour de la trompette et de l\u2019orgue \u00e0 quatre mains. Le concert pour trompette et orgue sera jou\u00e9 en deux endroits (Seignelay et Chablis) afin de faire entendre diff\u00e9rentes sonorit\u00e9s sur des pi\u00e8ces similaires tout en adaptant le r\u00e9pertoire \u00e0 deux orgues aux caract\u00e9ristiques bien distinctes.","breadcrumb":{"@id":"https:\/\/always.orgueachablis.fr\/?page_id=279#breadcrumb"},"inLanguage":"fr-FR","potentialAction":[{"@type":"ReadAction","target":["https:\/\/always.orgueachablis.fr\/?page_id=279"]}]},{"@type":"BreadcrumbList","@id":"https:\/\/always.orgueachablis.fr\/?page_id=279#breadcrumb","itemListElement":[{"@type":"ListItem","position":1,"name":"Accueil","item":"https:\/\/always.orgueachablis.fr\/"},{"@type":"ListItem","position":2,"name":"\u00c9dition 2023"}]},{"@type":"WebSite","@id":"https:\/\/always.orgueachablis.fr\/#website","url":"https:\/\/always.orgueachablis.fr\/","name":"Orgue \u00e0 Chablis","description":"Un Festival In\u00e9dit","publisher":{"@id":"https:\/\/always.orgueachablis.fr\/#organization"},"potentialAction":[{"@type":"SearchAction","target":{"@type":"EntryPoint","urlTemplate":"https:\/\/always.orgueachablis.fr\/?s={search_term_string}"},"query-input":"required name=search_term_string"}],"inLanguage":"fr-FR"},{"@type":"Organization","@id":"https:\/\/always.orgueachablis.fr\/#organization","name":"Orgue \u00e0 Chablis","url":"https:\/\/always.orgueachablis.fr\/","logo":{"@type":"ImageObject","inLanguage":"fr-FR","@id":"https:\/\/always.orgueachablis.fr\/#\/schema\/logo\/image\/","url":"https:\/\/www.orgueachablis.fr\/wp-content\/uploads\/2022\/05\/cropped-WhatsApp-Image-2022-05-09-at-00.27.37-1.jpeg","contentUrl":"https:\/\/www.orgueachablis.fr\/wp-content\/uploads\/2022\/05\/cropped-WhatsApp-Image-2022-05-09-at-00.27.37-1.jpeg","width":1700,"height":750,"caption":"Orgue \u00e0 Chablis"},"image":{"@id":"https:\/\/always.orgueachablis.fr\/#\/schema\/logo\/image\/"},"sameAs":["https:\/\/www.facebook.com\/orgueachablis"]}]}},"_links":{"self":[{"href":"https:\/\/always.orgueachablis.fr\/index.php?rest_route=\/wp\/v2\/pages\/279"}],"collection":[{"href":"https:\/\/always.orgueachablis.fr\/index.php?rest_route=\/wp\/v2\/pages"}],"about":[{"href":"https:\/\/always.orgueachablis.fr\/index.php?rest_route=\/wp\/v2\/types\/page"}],"author":[{"embeddable":true,"href":"https:\/\/always.orgueachablis.fr\/index.php?rest_route=\/wp\/v2\/users\/1"}],"replies":[{"embeddable":true,"href":"https:\/\/always.orgueachablis.fr\/index.php?rest_route=%2Fwp%2Fv2%2Fcomments&post=279"}],"version-history":[{"count":10,"href":"https:\/\/always.orgueachablis.fr\/index.php?rest_route=\/wp\/v2\/pages\/279\/revisions"}],"predecessor-version":[{"id":432,"href":"https:\/\/always.orgueachablis.fr\/index.php?rest_route=\/wp\/v2\/pages\/279\/revisions\/432"}],"wp:attachment":[{"href":"https:\/\/always.orgueachablis.fr\/index.php?rest_route=%2Fwp%2Fv2%2Fmedia&parent=279"}],"curies":[{"name":"wp","href":"https:\/\/api.w.org\/{rel}","templated":true}]}}