{"id":78,"date":"2022-04-27T14:47:50","date_gmt":"2022-04-27T12:47:50","guid":{"rendered":"https:\/\/www.orgueachablis.fr\/?page_id=78"},"modified":"2023-06-11T22:17:10","modified_gmt":"2023-06-11T20:17:10","slug":"la-collegiale-saint-martin-de-chablis","status":"publish","type":"page","link":"https:\/\/always.orgueachablis.fr\/?page_id=78","title":{"rendered":"L&rsquo;Orgue Chazelle de la Coll\u00e9giale Saint-Martin de Chablis"},"content":{"rendered":"\t\t<div data-elementor-type=\"wp-page\" data-elementor-id=\"78\" class=\"elementor elementor-78\" data-elementor-settings=\"[]\">\n\t\t\t\t\t\t<div class=\"elementor-inner\">\n\t\t\t\t\t\t\t<div class=\"elementor-section-wrap\">\n\t\t\t\t\t\t\t<section class=\"elementor-section elementor-top-section elementor-element elementor-element-39218e2 elementor-section-boxed elementor-section-height-default elementor-section-height-default\" data-id=\"39218e2\" data-element_type=\"section\">\n\t\t\t\t\t\t<div class=\"elementor-container elementor-column-gap-default\">\n\t\t\t\t\t\t\t<div class=\"elementor-row\">\n\t\t\t\t\t<div class=\"elementor-column elementor-col-100 elementor-top-column elementor-element elementor-element-7b49e59\" data-id=\"7b49e59\" data-element_type=\"column\">\n\t\t\t<div class=\"elementor-column-wrap elementor-element-populated\">\n\t\t\t\t\t\t\t<div class=\"elementor-widget-wrap\">\n\t\t\t\t\t\t<div class=\"elementor-element elementor-element-593e666 elementor-widget elementor-widget-image\" data-id=\"593e666\" data-element_type=\"widget\" data-widget_type=\"image.default\">\n\t\t\t\t<div class=\"elementor-widget-container\">\n\t\t\t\t\t<div class=\"elementor-image\">\n\t\t\t\t\t\t\t\t\t\t<img width=\"640\" height=\"525\" src=\"https:\/\/always.orgueachablis.fr\/wp-content\/uploads\/2022\/04\/Orgue-de-Chablis-e1651064868532.png\" class=\"attachment-large size-large\" alt=\"\" loading=\"lazy\" srcset=\"https:\/\/always.orgueachablis.fr\/wp-content\/uploads\/2022\/04\/Orgue-de-Chablis-e1651064868532.png 723w, https:\/\/always.orgueachablis.fr\/wp-content\/uploads\/2022\/04\/Orgue-de-Chablis-e1651064868532-300x246.png 300w\" sizes=\"(max-width: 640px) 100vw, 640px\" \/>\t\t\t\t\t\t\t\t\t\t\t<\/div>\n\t\t\t\t<\/div>\n\t\t\t\t<\/div>\n\t\t\t\t<div class=\"elementor-element elementor-element-f8e6dee elementor-widget elementor-widget-text-editor\" data-id=\"f8e6dee\" data-element_type=\"widget\" data-widget_type=\"text-editor.default\">\n\t\t\t\t<div class=\"elementor-widget-container\">\n\t\t\t\t\t<div class=\"elementor-text-editor elementor-clearfix\"><p>L&rsquo;Orgue de la coll\u00e9giale Saint-Martin fut construit en 1880 par Paul Chazelle, puis relev\u00e9 en 1959 par Gutschenritter. Inscrit aux Monuments Historiques en 1974, Philippe Hartmann en changea les tuyaux de Prestant et de Plein-Jeu (Fourniture III-IV) en 1999. Ayant ainsi connu de nombreuses transformations, l&rsquo;orgue de la coll\u00e9giale a r\u00e9cemment \u00e9t\u00e9 presque int\u00e9gralement restaur\u00e9 gr\u00e2ce au concours de l\u2019association des Amis des orgues de la Coll\u00e9giale Saint-Martin et au soutien de la Fondation du Patrimoine. Une vaste campagne de financement a permis le relevage de cet instrument par le facteur Hubert Bray\u00e9 en 2016.<\/p><p>D&rsquo;esth\u00e9tique plut\u00f4t romantique, cet orgue &#8211; comprenant 18 jeux et deux claviers, dont un r\u00e9cit expressif &#8211; s&rsquo;adapte \u00e0 bon nombre de pi\u00e8ce du r\u00e9pertoire, allant de Buxtehude \u00e0 nos jours.<\/p><\/div>\n\t\t\t\t<\/div>\n\t\t\t\t<\/div>\n\t\t\t\t\t\t<\/div>\n\t\t\t\t\t<\/div>\n\t\t<\/div>\n\t\t\t\t\t\t\t\t<\/div>\n\t\t\t\t\t<\/div>\n\t\t<\/section>\n\t\t\t\t<section class=\"elementor-section elementor-top-section elementor-element elementor-element-263c1a8 elementor-section-boxed elementor-section-height-default elementor-section-height-default\" data-id=\"263c1a8\" data-element_type=\"section\">\n\t\t\t\t\t\t<div class=\"elementor-container elementor-column-gap-default\">\n\t\t\t\t\t\t\t<div class=\"elementor-row\">\n\t\t\t\t\t<div class=\"elementor-column elementor-col-100 elementor-top-column elementor-element elementor-element-39d73da\" data-id=\"39d73da\" data-element_type=\"column\">\n\t\t\t<div class=\"elementor-column-wrap elementor-element-populated\">\n\t\t\t\t\t\t\t<div class=\"elementor-widget-wrap\">\n\t\t\t\t\t\t<div class=\"elementor-element elementor-element-48b7496 elementor-widget elementor-widget-image\" data-id=\"48b7496\" data-element_type=\"widget\" data-widget_type=\"image.default\">\n\t\t\t\t<div class=\"elementor-widget-container\">\n\t\t\t\t\t<div class=\"elementor-image\">\n\t\t\t\t\t\t\t<figure class=\"wp-caption\">\n\t\t\t\t\t\t\t\t\t\t\t<a href=\"https:\/\/inventaire-des-orgues.fr\/detail\/orgue-chablis-eglise-saint-martin-fr-89068-chabl-stmart1-x\/\" target=\"_blank\">\n\t\t\t\t\t\t\t<img width=\"640\" height=\"412\" src=\"https:\/\/always.orgueachablis.fr\/wp-content\/uploads\/2022\/07\/Composition-Orgue-Chablis.jpeg\" class=\"attachment-large size-large\" alt=\"\" loading=\"lazy\" srcset=\"https:\/\/always.orgueachablis.fr\/wp-content\/uploads\/2022\/07\/Composition-Orgue-Chablis.jpeg 814w, https:\/\/always.orgueachablis.fr\/wp-content\/uploads\/2022\/07\/Composition-Orgue-Chablis-300x193.jpeg 300w, https:\/\/always.orgueachablis.fr\/wp-content\/uploads\/2022\/07\/Composition-Orgue-Chablis-768x494.jpeg 768w\" sizes=\"(max-width: 640px) 100vw, 640px\" \/>\t\t\t\t\t\t\t\t<\/a>\n\t\t\t\t\t\t\t\t\t\t\t<figcaption class=\"widget-image-caption wp-caption-text\">inventaire-des-orgues.fr<\/figcaption>\n\t\t\t\t\t\t\t\t\t\t<\/figure>\n\t\t\t\t\t<\/div>\n\t\t\t\t<\/div>\n\t\t\t\t<\/div>\n\t\t\t\t\t\t<\/div>\n\t\t\t\t\t<\/div>\n\t\t<\/div>\n\t\t\t\t\t\t\t\t<\/div>\n\t\t\t\t\t<\/div>\n\t\t<\/section>\n\t\t\t\t<section class=\"elementor-section elementor-top-section elementor-element elementor-element-b71a0e5 elementor-section-boxed elementor-section-height-default elementor-section-height-default\" data-id=\"b71a0e5\" data-element_type=\"section\">\n\t\t\t\t\t\t<div class=\"elementor-container elementor-column-gap-default\">\n\t\t\t\t\t\t\t<div class=\"elementor-row\">\n\t\t\t\t\t<div class=\"elementor-column elementor-col-100 elementor-top-column elementor-element elementor-element-c1b4609\" data-id=\"c1b4609\" data-element_type=\"column\">\n\t\t\t<div class=\"elementor-column-wrap elementor-element-populated\">\n\t\t\t\t\t\t\t<div class=\"elementor-widget-wrap\">\n\t\t\t\t\t\t<div class=\"elementor-element elementor-element-398421f elementor-widget elementor-widget-heading\" data-id=\"398421f\" data-element_type=\"widget\" data-widget_type=\"heading.default\">\n\t\t\t\t<div class=\"elementor-widget-container\">\n\t\t\t<h6 class=\"elementor-heading-title elementor-size-default\"><i>La Coll\u00e9giale Saint-Martin de Chablis<i><\/h6>\t\t<\/div>\n\t\t\t\t<\/div>\n\t\t\t\t\t\t<\/div>\n\t\t\t\t\t<\/div>\n\t\t<\/div>\n\t\t\t\t\t\t\t\t<\/div>\n\t\t\t\t\t<\/div>\n\t\t<\/section>\n\t\t\t\t<section class=\"elementor-section elementor-top-section elementor-element elementor-element-3bb096b elementor-section-boxed elementor-section-height-default elementor-section-height-default\" data-id=\"3bb096b\" data-element_type=\"section\">\n\t\t\t\t\t\t<div class=\"elementor-container elementor-column-gap-default\">\n\t\t\t\t\t\t\t<div class=\"elementor-row\">\n\t\t\t\t\t<div class=\"elementor-column elementor-col-100 elementor-top-column elementor-element elementor-element-d5deccb\" data-id=\"d5deccb\" data-element_type=\"column\">\n\t\t\t<div class=\"elementor-column-wrap elementor-element-populated\">\n\t\t\t\t\t\t\t<div class=\"elementor-widget-wrap\">\n\t\t\t\t\t\t<div class=\"elementor-element elementor-element-36428df elementor-widget elementor-widget-image\" data-id=\"36428df\" data-element_type=\"widget\" data-widget_type=\"image.default\">\n\t\t\t\t<div class=\"elementor-widget-container\">\n\t\t\t\t\t<div class=\"elementor-image\">\n\t\t\t\t\t\t\t<figure class=\"wp-caption\">\n\t\t\t\t\t\t\t\t\t\t\t<a href=\"https:\/\/monumentum.fr\/eglise-saint-martin-pa00113631.html\" target=\"_blank\">\n\t\t\t\t\t\t\t<img width=\"449\" height=\"599\" src=\"https:\/\/always.orgueachablis.fr\/wp-content\/uploads\/2022\/05\/Eglise-saint-Martin.png\" class=\"attachment-large size-large\" alt=\"\" loading=\"lazy\" srcset=\"https:\/\/always.orgueachablis.fr\/wp-content\/uploads\/2022\/05\/Eglise-saint-Martin.png 449w, https:\/\/always.orgueachablis.fr\/wp-content\/uploads\/2022\/05\/Eglise-saint-Martin-225x300.png 225w\" sizes=\"(max-width: 449px) 100vw, 449px\" \/>\t\t\t\t\t\t\t\t<\/a>\n\t\t\t\t\t\t\t\t\t\t\t<figcaption class=\"widget-image-caption wp-caption-text\">Coll\u00e9giale Saint-Martin de Chablis, (Yonne, France).  Cr\u00e9dit : Tangopaso - 7 Ao\u00fbt 2017<\/figcaption>\n\t\t\t\t\t\t\t\t\t\t<\/figure>\n\t\t\t\t\t<\/div>\n\t\t\t\t<\/div>\n\t\t\t\t<\/div>\n\t\t\t\t<div class=\"elementor-element elementor-element-1652617 elementor-widget elementor-widget-text-editor\" data-id=\"1652617\" data-element_type=\"widget\" data-widget_type=\"text-editor.default\">\n\t\t\t\t<div class=\"elementor-widget-container\">\n\t\t\t\t\t<div class=\"elementor-text-editor elementor-clearfix\"><p>L\u2019histoire de la coll\u00e9giale Saint-Martin commence en 867, alors que le roi Charles le Chauve conc\u00e8de aux moines de l\u2019abbaye de Saint-Martin de Tours la \u00ab\u00a0cella\u00a0\u00bb de Chablis, qui d\u00e9pendait alors du domaine royal et \u00e9tait d\u00e9di\u00e9e \u00e0 Saint Loup.<\/p><p>Au cours du Xe si\u00e8cle, le monast\u00e8re est converti en coll\u00e9giale, qui continue de d\u00e9pendre de l\u2019abbaye Saint-Martin de Tours. Le sanctuaire d\u00e9di\u00e9 \u00e0 Saint-Loup ne suffisait bient\u00f4t plus aux chanoines, qui d\u00e9cid\u00e8rent de mener des travaux de reconstruction vers 1160, en style gothique. De multiples amendements eurent lieu dans les si\u00e8cles suivants \u2013 dont l\u2019ajout du clocher et une reconstruction \u00e0 l\u2019identique apr\u00e8s un incendie au XVIIe si\u00e8cle \u2013, et donn\u00e8rent \u00e0 l&rsquo;\u00e9glise la forme qu\u2019on lui connait aujourd\u2019hui.<\/p><\/div>\n\t\t\t\t<\/div>\n\t\t\t\t<\/div>\n\t\t\t\t<div class=\"elementor-element elementor-element-f1c7095 elementor-widget elementor-widget-image\" data-id=\"f1c7095\" data-element_type=\"widget\" data-widget_type=\"image.default\">\n\t\t\t\t<div class=\"elementor-widget-container\">\n\t\t\t\t\t<div class=\"elementor-image\">\n\t\t\t\t\t\t\t<figure class=\"wp-caption\">\n\t\t\t\t\t\t\t\t\t\t<img width=\"640\" height=\"853\" src=\"https:\/\/always.orgueachablis.fr\/wp-content\/uploads\/2022\/05\/WhatsApp-Image-2022-05-14-at-14.55.31-768x1024.jpeg\" class=\"attachment-large size-large\" alt=\"\" loading=\"lazy\" srcset=\"https:\/\/always.orgueachablis.fr\/wp-content\/uploads\/2022\/05\/WhatsApp-Image-2022-05-14-at-14.55.31-768x1024.jpeg 768w, https:\/\/always.orgueachablis.fr\/wp-content\/uploads\/2022\/05\/WhatsApp-Image-2022-05-14-at-14.55.31-225x300.jpeg 225w, https:\/\/always.orgueachablis.fr\/wp-content\/uploads\/2022\/05\/WhatsApp-Image-2022-05-14-at-14.55.31-1152x1536.jpeg 1152w, https:\/\/always.orgueachablis.fr\/wp-content\/uploads\/2022\/05\/WhatsApp-Image-2022-05-14-at-14.55.31.jpeg 1200w\" sizes=\"(max-width: 640px) 100vw, 640px\" \/>\t\t\t\t\t\t\t\t\t\t\t<figcaption class=\"widget-image-caption wp-caption-text\">\u00a9 S. Avril<\/figcaption>\n\t\t\t\t\t\t\t\t\t\t<\/figure>\n\t\t\t\t\t<\/div>\n\t\t\t\t<\/div>\n\t\t\t\t<\/div>\n\t\t\t\t<div class=\"elementor-element elementor-element-a60c9ac elementor-widget elementor-widget-text-editor\" data-id=\"a60c9ac\" data-element_type=\"widget\" data-widget_type=\"text-editor.default\">\n\t\t\t\t<div class=\"elementor-widget-container\">\n\t\t\t\t\t<div class=\"elementor-text-editor elementor-clearfix\"><p>\u00c0 l\u2019\u00e9poque de sa reconstruction, l\u2019architecture de la coll\u00e9giale Saint-Martin emprunte beaucoup \u00e0 la Cath\u00e9drale de Sens, et peut-\u00eatre \u00e9galement au sanctuaire de l\u2019abbatiale de V\u00e9zelay.<\/p><p>Une des particularit\u00e9s de la coll\u00e9giale est la pr\u00e9sence de 111 fers \u00e0 cheval clout\u00e9s sur le portail sud\u00a0: ils furent d\u00e9pos\u00e9s l\u00e0 par des chevaliers pour invoquer la protection de Saint Martin, patron des chevaux. La l\u00e9gende raconte m\u00eame que Jeanne d\u2019Arc aurait d\u00e9pos\u00e9 un fer usag\u00e9 en 1429 lors d\u2019un passage \u00e0 Chablis.<\/p><p>La coll\u00e9giale Saint-Martin de Chablis est l\u2019une des premi\u00e8res \u00e9glises de style gothique primitif en Bourgogne, et poss\u00e8de \u00e9galement des influences romanes.<\/p><\/div>\n\t\t\t\t<\/div>\n\t\t\t\t<\/div>\n\t\t\t\t\t\t<\/div>\n\t\t\t\t\t<\/div>\n\t\t<\/div>\n\t\t\t\t\t\t\t\t<\/div>\n\t\t\t\t\t<\/div>\n\t\t<\/section>\n\t\t\t\t\t\t<\/div>\n\t\t\t\t\t\t<\/div>\n\t\t\t\t\t<\/div>\n\t\t","protected":false},"excerpt":{"rendered":"<p>L&rsquo;Orgue de la coll\u00e9giale Saint-Martin fut construit en 1880 par Paul Chazelle, puis relev\u00e9 en 1959 par Gutschenritter. Inscrit aux Monuments Historiques en 1974, Philippe&#8230;<\/p>\n","protected":false},"author":1,"featured_media":0,"parent":0,"menu_order":0,"comment_status":"closed","ping_status":"closed","template":"","meta":[],"yoast_head":"<!-- This site is optimized with the Yoast SEO plugin v19.13 - https:\/\/yoast.com\/wordpress\/plugins\/seo\/ -->\n<title>L&#039;Orgue Chazelle de la Coll\u00e9giale Saint-Martin de Chablis - Orgue \u00e0 Chablis<\/title>\n<meta name=\"description\" content=\"L\u2019histoire de la coll\u00e9giale Saint-Martin commence en 867, alors que le roi Charles le Chauve conc\u00e8de aux moines de l\u2019abbaye de Saint-Martin de Tours la \u00ab cella \u00bb de Chablis...\" \/>\n<meta name=\"robots\" content=\"index, follow, max-snippet:-1, max-image-preview:large, max-video-preview:-1\" \/>\n<link rel=\"canonical\" href=\"https:\/\/always.orgueachablis.fr\/?page_id=78\" \/>\n<meta property=\"og:locale\" content=\"fr_FR\" \/>\n<meta property=\"og:type\" content=\"article\" \/>\n<meta property=\"og:title\" content=\"L&#039;Orgue Chazelle de la Coll\u00e9giale Saint-Martin de Chablis - Orgue \u00e0 Chablis\" \/>\n<meta property=\"og:description\" content=\"L\u2019histoire de la coll\u00e9giale Saint-Martin commence en 867, alors que le roi Charles le Chauve conc\u00e8de aux moines de l\u2019abbaye de Saint-Martin de Tours la \u00ab cella \u00bb de Chablis...\" \/>\n<meta property=\"og:url\" content=\"https:\/\/always.orgueachablis.fr\/?page_id=78\" \/>\n<meta property=\"og:site_name\" content=\"Orgue \u00e0 Chablis\" \/>\n<meta property=\"article:publisher\" content=\"https:\/\/www.facebook.com\/orgueachablis\" \/>\n<meta property=\"article:modified_time\" content=\"2023-06-11T20:17:10+00:00\" \/>\n<meta property=\"og:image\" content=\"http:\/\/www.orgueachablis.fr\/wp-content\/uploads\/2022\/04\/Orgue-de-Chablis-e1651064868532.png\" \/>\n<meta name=\"twitter:card\" content=\"summary_large_image\" \/>\n<meta name=\"twitter:label1\" content=\"Dur\u00e9e de lecture estim\u00e9e\" \/>\n\t<meta name=\"twitter:data1\" content=\"3 minutes\" \/>\n<script type=\"application\/ld+json\" class=\"yoast-schema-graph\">{\"@context\":\"https:\/\/schema.org\",\"@graph\":[{\"@type\":\"WebPage\",\"@id\":\"https:\/\/always.orgueachablis.fr\/?page_id=78\",\"url\":\"https:\/\/always.orgueachablis.fr\/?page_id=78\",\"name\":\"L'Orgue Chazelle de la Coll\u00e9giale Saint-Martin de Chablis - Orgue \u00e0 Chablis\",\"isPartOf\":{\"@id\":\"https:\/\/always.orgueachablis.fr\/#website\"},\"datePublished\":\"2022-04-27T12:47:50+00:00\",\"dateModified\":\"2023-06-11T20:17:10+00:00\",\"description\":\"L\u2019histoire de la coll\u00e9giale Saint-Martin commence en 867, alors que le roi Charles le Chauve conc\u00e8de aux moines de l\u2019abbaye de Saint-Martin de Tours la \u00ab cella \u00bb de Chablis...\",\"breadcrumb\":{\"@id\":\"https:\/\/always.orgueachablis.fr\/?page_id=78#breadcrumb\"},\"inLanguage\":\"fr-FR\",\"potentialAction\":[{\"@type\":\"ReadAction\",\"target\":[\"https:\/\/always.orgueachablis.fr\/?page_id=78\"]}]},{\"@type\":\"BreadcrumbList\",\"@id\":\"https:\/\/always.orgueachablis.fr\/?page_id=78#breadcrumb\",\"itemListElement\":[{\"@type\":\"ListItem\",\"position\":1,\"name\":\"Accueil\",\"item\":\"https:\/\/always.orgueachablis.fr\/\"},{\"@type\":\"ListItem\",\"position\":2,\"name\":\"L&rsquo;Orgue Chazelle de la Coll\u00e9giale Saint-Martin de Chablis\"}]},{\"@type\":\"WebSite\",\"@id\":\"https:\/\/always.orgueachablis.fr\/#website\",\"url\":\"https:\/\/always.orgueachablis.fr\/\",\"name\":\"Orgue \u00e0 Chablis\",\"description\":\"Un Festival In\u00e9dit\",\"publisher\":{\"@id\":\"https:\/\/always.orgueachablis.fr\/#organization\"},\"potentialAction\":[{\"@type\":\"SearchAction\",\"target\":{\"@type\":\"EntryPoint\",\"urlTemplate\":\"https:\/\/always.orgueachablis.fr\/?s={search_term_string}\"},\"query-input\":\"required name=search_term_string\"}],\"inLanguage\":\"fr-FR\"},{\"@type\":\"Organization\",\"@id\":\"https:\/\/always.orgueachablis.fr\/#organization\",\"name\":\"Orgue \u00e0 Chablis\",\"url\":\"https:\/\/always.orgueachablis.fr\/\",\"logo\":{\"@type\":\"ImageObject\",\"inLanguage\":\"fr-FR\",\"@id\":\"https:\/\/always.orgueachablis.fr\/#\/schema\/logo\/image\/\",\"url\":\"https:\/\/www.orgueachablis.fr\/wp-content\/uploads\/2022\/05\/cropped-WhatsApp-Image-2022-05-09-at-00.27.37-1.jpeg\",\"contentUrl\":\"https:\/\/www.orgueachablis.fr\/wp-content\/uploads\/2022\/05\/cropped-WhatsApp-Image-2022-05-09-at-00.27.37-1.jpeg\",\"width\":1700,\"height\":750,\"caption\":\"Orgue \u00e0 Chablis\"},\"image\":{\"@id\":\"https:\/\/always.orgueachablis.fr\/#\/schema\/logo\/image\/\"},\"sameAs\":[\"https:\/\/www.facebook.com\/orgueachablis\"]}]}<\/script>\n<!-- \/ Yoast SEO plugin. -->","yoast_head_json":{"title":"L'Orgue Chazelle de la Coll\u00e9giale Saint-Martin de Chablis - Orgue \u00e0 Chablis","description":"L\u2019histoire de la coll\u00e9giale Saint-Martin commence en 867, alors que le roi Charles le Chauve conc\u00e8de aux moines de l\u2019abbaye de Saint-Martin de Tours la \u00ab cella \u00bb de Chablis...","robots":{"index":"index","follow":"follow","max-snippet":"max-snippet:-1","max-image-preview":"max-image-preview:large","max-video-preview":"max-video-preview:-1"},"canonical":"https:\/\/always.orgueachablis.fr\/?page_id=78","og_locale":"fr_FR","og_type":"article","og_title":"L'Orgue Chazelle de la Coll\u00e9giale Saint-Martin de Chablis - Orgue \u00e0 Chablis","og_description":"L\u2019histoire de la coll\u00e9giale Saint-Martin commence en 867, alors que le roi Charles le Chauve conc\u00e8de aux moines de l\u2019abbaye de Saint-Martin de Tours la \u00ab cella \u00bb de Chablis...","og_url":"https:\/\/always.orgueachablis.fr\/?page_id=78","og_site_name":"Orgue \u00e0 Chablis","article_publisher":"https:\/\/www.facebook.com\/orgueachablis","article_modified_time":"2023-06-11T20:17:10+00:00","og_image":[{"url":"http:\/\/www.orgueachablis.fr\/wp-content\/uploads\/2022\/04\/Orgue-de-Chablis-e1651064868532.png"}],"twitter_card":"summary_large_image","twitter_misc":{"Dur\u00e9e de lecture estim\u00e9e":"3 minutes"},"schema":{"@context":"https:\/\/schema.org","@graph":[{"@type":"WebPage","@id":"https:\/\/always.orgueachablis.fr\/?page_id=78","url":"https:\/\/always.orgueachablis.fr\/?page_id=78","name":"L'Orgue Chazelle de la Coll\u00e9giale Saint-Martin de Chablis - Orgue \u00e0 Chablis","isPartOf":{"@id":"https:\/\/always.orgueachablis.fr\/#website"},"datePublished":"2022-04-27T12:47:50+00:00","dateModified":"2023-06-11T20:17:10+00:00","description":"L\u2019histoire de la coll\u00e9giale Saint-Martin commence en 867, alors que le roi Charles le Chauve conc\u00e8de aux moines de l\u2019abbaye de Saint-Martin de Tours la \u00ab cella \u00bb de Chablis...","breadcrumb":{"@id":"https:\/\/always.orgueachablis.fr\/?page_id=78#breadcrumb"},"inLanguage":"fr-FR","potentialAction":[{"@type":"ReadAction","target":["https:\/\/always.orgueachablis.fr\/?page_id=78"]}]},{"@type":"BreadcrumbList","@id":"https:\/\/always.orgueachablis.fr\/?page_id=78#breadcrumb","itemListElement":[{"@type":"ListItem","position":1,"name":"Accueil","item":"https:\/\/always.orgueachablis.fr\/"},{"@type":"ListItem","position":2,"name":"L&rsquo;Orgue Chazelle de la Coll\u00e9giale Saint-Martin de Chablis"}]},{"@type":"WebSite","@id":"https:\/\/always.orgueachablis.fr\/#website","url":"https:\/\/always.orgueachablis.fr\/","name":"Orgue \u00e0 Chablis","description":"Un Festival In\u00e9dit","publisher":{"@id":"https:\/\/always.orgueachablis.fr\/#organization"},"potentialAction":[{"@type":"SearchAction","target":{"@type":"EntryPoint","urlTemplate":"https:\/\/always.orgueachablis.fr\/?s={search_term_string}"},"query-input":"required name=search_term_string"}],"inLanguage":"fr-FR"},{"@type":"Organization","@id":"https:\/\/always.orgueachablis.fr\/#organization","name":"Orgue \u00e0 Chablis","url":"https:\/\/always.orgueachablis.fr\/","logo":{"@type":"ImageObject","inLanguage":"fr-FR","@id":"https:\/\/always.orgueachablis.fr\/#\/schema\/logo\/image\/","url":"https:\/\/www.orgueachablis.fr\/wp-content\/uploads\/2022\/05\/cropped-WhatsApp-Image-2022-05-09-at-00.27.37-1.jpeg","contentUrl":"https:\/\/www.orgueachablis.fr\/wp-content\/uploads\/2022\/05\/cropped-WhatsApp-Image-2022-05-09-at-00.27.37-1.jpeg","width":1700,"height":750,"caption":"Orgue \u00e0 Chablis"},"image":{"@id":"https:\/\/always.orgueachablis.fr\/#\/schema\/logo\/image\/"},"sameAs":["https:\/\/www.facebook.com\/orgueachablis"]}]}},"_links":{"self":[{"href":"https:\/\/always.orgueachablis.fr\/index.php?rest_route=\/wp\/v2\/pages\/78"}],"collection":[{"href":"https:\/\/always.orgueachablis.fr\/index.php?rest_route=\/wp\/v2\/pages"}],"about":[{"href":"https:\/\/always.orgueachablis.fr\/index.php?rest_route=\/wp\/v2\/types\/page"}],"author":[{"embeddable":true,"href":"https:\/\/always.orgueachablis.fr\/index.php?rest_route=\/wp\/v2\/users\/1"}],"replies":[{"embeddable":true,"href":"https:\/\/always.orgueachablis.fr\/index.php?rest_route=%2Fwp%2Fv2%2Fcomments&post=78"}],"version-history":[{"count":26,"href":"https:\/\/always.orgueachablis.fr\/index.php?rest_route=\/wp\/v2\/pages\/78\/revisions"}],"predecessor-version":[{"id":353,"href":"https:\/\/always.orgueachablis.fr\/index.php?rest_route=\/wp\/v2\/pages\/78\/revisions\/353"}],"wp:attachment":[{"href":"https:\/\/always.orgueachablis.fr\/index.php?rest_route=%2Fwp%2Fv2%2Fmedia&parent=78"}],"curies":[{"name":"wp","href":"https:\/\/api.w.org\/{rel}","templated":true}]}}